(x).
11
Let j(l) be the second derivative of -13*l**3/6 - 25*l**2 - l - 797. Calculate j(-4).
2
Let h(j) be the second derivative of j**6/60 + j**5/60 - j**4/8 - j**3/3 - 9*j**2/2 - 2*j + 3. Let z(w) be the first derivative of h(w). Give z(-2).
-8
Let m(o) = o**3 + 3*o**2 - 7 - 8*o + 9*o + 3*o**2. Let g(k) = -4*k**2 + 2*k - 3. Suppose 3 = -4*x + 7. Let y be g(x). Determine m(y).
13
Let y = -77838 - -77838. Let h(j) = 3*j**2 - 4*j**2 + 0*j**2 - 8 + j. Give h(y).
-8
Let w(h) = 8 + 5 - 2*h - 2 + 6*h**2 - 2 - 10. Let g = 15 - 16. What is w(g)?
7
Let q(l) be the second derivative of -l**4/12 + l**3/3 + l**2/2 + 11851*l. Let a be 42/9 + (-4)/6. Calculate q(a).
-7
Let k(p) = 10*p - 9. Let h be k(7). Let n = h - 58. Let s(g) = -59*g**2 - g - 1 - 2 + 60*g**2. Calculate s(n).
3
Let c = -284 - -286. Suppose j + 5 = w + c*w, -3 = 3*w. Let a(m) = -m**2 - 12*m - 12. Calculate a(j).
20
Let s be (4/3)/((-1)/(-3)). Let z be (-1 - 2/s)*2. Let g(f) = f**3 - 478*f**2 + 1 + 0 + 981*f**2 - 501*f**2 + 0*f**3. Calculate g(z).
-8
Let l = -12371 + 12354. Let d(v) = -v**3 - 16*v**2 + 19*v - 3. What is d(l)?
-37
Let h(r) be the first derivative of r**2 - 51*r - 2626. Give h(0).
-51
Suppose -34745 - 11001 = -2*z. Let a(q) = -2*q**2 + z - q - 22873. Determine a(1).
-3
Suppose 2*x + 816 = 10*x. Suppose -x*t = -103*t - 9. Let a(l) = -l**2 - 7*l - 5. Calculate a(t).
-23
Let l(f) = -f - 1. Let a(g) = g**2 - 64*g - 4015. Let h be a(103). Calculate l(h).
-3
Let i(t) = t**3 - 284 - 5*t**2 + 592 - 287 + 10*t + 13*t**2. Calculate i(-7).
0
Let t(s) = 4*s - 2. Let l(p) = -9*p + 4 - 22*p + 30*p. Let r(j) = -3*l(j) - t(j). Calculate r(-9).
-1
Let j(g) be the second derivative of 3*g**3/2 + 11*g**2/2 + 5409*g. Calculate j(-7).
-52
Let r(h) be the second derivative of 5*h**2 - 1/3*h**3 + 1/12*h**4 + 0 + 16*h. Let n(k) = 2*k**2 - 5*k + 21. Let v(x) = 2*n(x) - 5*r(x). Give v(0).
-8
Let k(h) = -70*h - 130. Let u(f) = -152*f - 264. Let b(m) = 13*k(m) - 6*u(m). Give b(51).
-4
Let t be 13/(-5) - 1*(-8)/(-20). Let d = 15 + -12. Let n(l) = -2*l - 2 + l + l + d*l. What is n(t)?
-11
Let s(u) = -8*u + 17. Let q be -32*(-5)/320*8. Give s(q).
-15
Suppose 8*l - 3*l = -4*v - 246, -214 = 5*l - 4*v. Let i = l - -50. Let o(t) = 4*t + 8*t - i*t - t**2 + 12 + t. What is o(10)?
2
Let v = -5881 - -5870. Let j(n) = n**2 + 14*n + 10. Determine j(v).
-23
Let p(v) = -77*v + 243. Let r(a) = -65*a + 240. Let h(f) = 2*p(f) - 3*r(f). Determine h(6).
12
Let r(m) = -3 - 676*m - 665*m + 1337*m. Suppose -12 = 3*h + 5*q + 12, -4*h + 5*q + 3 = 0. What is r(h)?
9
Suppose -6*i + 21 = i. Suppose -4 = l, -i*h - l = -5*l - 28. Let f(j) = 2*j + 2. Let z(x) = -3*x - 2. Let m(o) = h*f(o) + 3*z(o). Determine m(6).
-4
Suppose 106*h - o = 107*h - 1, o - 10 = -4*h. Let y(t) = -23*t + 73. What is y(h)?
4
Let b(x) = 491783*x**3 - 491715*x**3 - 4*x + 4*x. Determine b(-1).
-68
Let d(q) = 15*q - 285. Let v(c) = -26*c + 586. Let j(h) = -11*d(h) - 6*v(h). What is j(-43)?
6
Let m = -874 + 860. Let u(c) = 11*c + 173. Give u(m).
19
Let u(p) = 60*p + 382. Let r(y) = -298*y - 1918. Let z(j) = -5*r(j) - 26*u(j). Calculate z(-5).
8
Let h(x) = -7*x**2 + 32*x + 17. Let z(m) = -m**2 + 2*m - 1. Let i(n) = -h(n) + 4*z(n). Give i(9).
6
Let l(v) = -7*v**2 + 83 + 0*v + 27*v + v**3 - 35*v - 94. Give l(8).
-11
Let h(t) = -10*t + 10. Let u(b) = 4*b - 4. Let w(d) = -5*h(d) - 12*u(d). Let i = 55 - 45. Suppose 1 = 3*k + i. What is w(k)?
-8
Let q(o) = o**3 + 8*o**2 + 14*o + 4. Suppose -4*v + 2*v - 12 = -3*t, 0 = 5*v + t + 30. Determine q(v).
-8
Let j(m) be the second derivative of -3*m**5/20 + m**4/6 + m**3/6 + m**2/2 + m. Suppose 127*v - 169 + 25 - 110 = 0. Calculate j(v).
-13
Let m(l) be the first derivative of l + 38 + 0*l**3 + l**2 - 1/2*l**4. Let q be -5*(-2 - 12/(-5)). Determine m(q).
13
Let k be (-14 - (-393)/27)*9. Let p(l) = -6*l - 10. Determine p(k).
-40
Let a(i) = -3*i**3 + 2*i**2 - 3*i - 3. Let l be -7*(-22)/77 + -4. Calculate a(l).
35
Let g = 129 + -127. Let k(i) = 944*i**2 - 966*i**g + 1 - 8 - i. Let j(z) = 45*z**2 + 2*z + 15. Let c(h) = -6*j(h) - 13*k(h). Determine c(-1).
16
Let z(u) = -u - 15. Let m = 1524 + -1518. Calculate z(m).
-21
Let p(y) = -y + 4. Suppose -172 - 244 = -26*r. Suppose -r = -17*q + 19*q. Calculate p(q).
12
Let u(g) = -10 - 2*g**3 + 17 + 18*g**2 + 9*g - 7*g**2 + 9*g**2 - 3*g**2. Calculate u(9).
7
Let k = -7632 + 7626. Let v(a) = a**3 - 2*a**2 - 45*a + 4. Determine v(k).
-14
Let a(b) = 4*b - 169 + 3*b + 172 + 6*b. Let x(n) = -37*n - 9. Let h(r) = -17*a(r) - 6*x(r). Calculate h(3).
6
Suppose 6*g + 29 - 71 = 0. Let y(s) = g*s**2 - 32 - 2*s + 8*s - 2*s**2 + s**3 + 34. Determine y(-4).
-6
Let k(m) be the second derivative of 61*m**5/20 - m**4/4 + m**3/6 + m**2/2 + 8238*m. Give k(1).
60
Suppose 0 = 2*t + t + 177. Let n = -61 - t. Let d(r) = -2*r**3 + r. Give d(n).
14
Suppose 97*w + 413 = -72. Let v(z) = -z**3 - 4*z**2 + 9*z + 27. Give v(w).
7
Let c(o) be the first derivative of o**4 + o**3/3 - 3*o**2/2 + 2*o - 1367. Give c(2).
32
Let y = 188 - 271. Let j = y - -90. Let u(l) = l**2 - 6*l + 3. Give u(j).
10
Let g(a) = 2*a**2 + 13*a + 3. Let l be (-5 - 81/(-18))/((-2)/268). Suppose -65*w = -l*w - 12. Give g(w).
-3
Let n(t) be the second derivative of t**4/2 - t**3/3 + 11*t**2/2 + 22*t + 20. Give n(3).
59
Let d be (-10)/(-45) - 43/(-9). Suppose 507 = -4*l - d*q, -3*q - 2*q = -3*l - 424. Let w = 133 + l. Let o(r) = -r - 3. Determine o(w).
-3
Suppose -4*y + 276 = -4*p, 0*p - 3*p - 341 = -5*y. Let a(l) = -83*l**3 + y*l**3 + 5 - 2 - 2. What is a(-1)?
17
Suppose 0*h - 30 = 3*h - 5*r, 5*r = 5*h + 50. Let l be h*6/(-24)*(3 - 7). Let y(m) = m**3 + 10*m**2 - m - 16. Determine y(l).
-6
Let h(q) be the first derivative of q**3/3 - 2*q**2 - 10*q - 1. Let d = -350387 + 350393. Calculate h(d).
2
Let w(a) = 2*a + 12. Let c be (-8186)/(-10) - (12/(-30) + 0). Let p = 813 - c. Determine w(p).
0
Let s(r) = -r**3 + 12*r**2 - 22*r - 7. Let j be (-210)/(-10) - 14 - 8/2. Give s(j).
8
Let x be (-13)/((0 - -1) + 0). Let m(n) = 3*n**3 - n + 0*n - 2*n**3 - 153*n**2 + 166*n**2 - 9 + 0*n. What is m(x)?
4
Let y(g) = g**3 - 15*g**2 + 26*g - 3. Suppose 2 = 2*c - 4*r, 0 = -5*c + 114*r - 109*r + 35. Calculate y(c).
-3
Let x(c) = 1702*c - 186 + 1741*c - 3416*c. Give x(7).
3
Let a(l) = l - 19. Let u be -1 - (-5)/3 - 25/(-3). Suppose 16*t + u = 17*t. Give a(t).
-10
Let j(h) be the second derivative of -h**5/20 - 19*h**4/12 - 6*h**3 - 25*h**2/2 + 2139*h. Calculate j(-17).
9
Suppose -3 + 11 = -4*r, -5*r - 30 = -4*h. Let p(w) = 1. Let u(g) = g + 6. Let l(m) = h*p(m) - u(m). Give l(-9).
8
Let l(y) = 5*y**3 + 2*y**2 - 3. Let j(w) = -4*w**2 + 36*w + 39. Let z be j(-1). What is l(z)?
-6
Let o be 18 + ((-9)/4)/(61/244). Let k(g) = -g**2 + 10*g - 17. Give k(o).
-8
Suppose 15 = l - 3*f + 2, -3*l + 43 = -5*f. Let a be -12*((-8)/l + 1). Let p(r) = 2*r**2 + 10*r - 6. What is p(a)?
6
Let x(v) be the third derivative of -5*v**7/1008 + v**6/720 - 2*v**5/15 - v**3/6 - 123*v**2. Let n(m) be the third derivative of x(m). Give n(-1).
26
Let a(y) = -3*y**2 - 17 - 14 - 14*y + 43. Let u(p) = 2*p**2 + 9*p - 8. Let t(w) = -5*a(w) - 8*u(w). Let r be (-6 - -3 - -3) + -3. Give t(r).
1
Let m(l) = 9*l**3 + 45*l**2 + 57*l - 56. Let j(a) = 14*a**3 + 67*a**2 + 85*a - 84. Let d(y) = -5*j(y) + 8*m(y). Calculate d(-11).
-6
Let m(i) = -19*i**2 + 49*i + 110. Let d(y) = 22*y**2 - 57*y - 110. Let g(f) = -6*d(f) - 7*m(f). What is g(-11)?
22
Let a(i) = i**2 + 17*i + 30. Suppose 31*o + 45 = 28*o. Let z be a(o). Let w(h) be the second derivative of -h**3/6 + 5*h**2 + 31*h. Calculate w(z).
10
Let j = 59 - 32. Suppose j = 5*d + v, 5*v - 27 = -3*d + 8*v. Let m(s) = s**3 - 4*s - 8*s**2 + 2*s + 2*s**2 - 6. What is m(d)?
-18
Let l be ((-234)/27)/(26/(-39)). Let s(u) = 4*u - 24. Give s(l).
28
Let r(n) = 13 - 5 - 5*n - 23. Let d(b) = b**3 - 16*b**2 - 31*b + 232. Let t be d(17). What is r(t)?
15
Let m(i) be the second derivative of -21*i**5/20 + i**4/12 - i**3/6 + i**2/2 + 11*i + 55. Let v be (36/24)/((-6)/(-4)). What is m(v)?
-20
Let h(w) be the second derivative of -w**4/12 - 13*w**3/6 + 7*w**2/2 - 58*w. Let g be h(-13). Let c(z) be the first derivative of -z**2/2 + 2*z - 1. Give c(g).
-5
Let u(r) = -7*r + 51 + 3175*r**2 - 3174*r**2 - 40. Let f(o) = 4*o**2 + 11*o + 2. Let g be f(-3). Give u(g).
1
Let v(o) be the third d